 of v**3/3 - 9*v**2/2 + 8*v - 1. Give w(6).
-10
Let u = -102 + 104. Let a(l) = -2*l + 2. What is a(u)?
-2
Let x(j) = -j**3 - 4*j**2 - 4*j + 1. Let d be x(-3). Let q be 7*d/(0 - -2). Let u = -10 + q. Let k(y) = -y + 2. What is k(u)?
-2
Let l(q) = -q**2 - 2*q. Suppose 0 = -4*p + 2*p - 44. Let t = p + 20. Determine l(t).
0
Let r be 2/(-4)*(-2 - 0). Let u be (-1)/(-1) + (2 - r). Suppose -k = -u*k + 4*a, 3*k - a - 11 = 0. Let p(x) = -x**2 + 7*x - 5. Determine p(k).
7
Let t(q) be the third derivative of q**4/24 + q**3/2 + q**2. Let x be 21 - 2/6*0. Suppose -6 = 2*i, 4*n - n + 5*i = -x. Determine t(n).
1
Let w(q) = -q - 62 + 62. Calculate w(3).
-3
Let v(c) be the third derivative of -c**8/10080 - c**7/1008 + c**6/240 + c**5/30 - 4*c**2. Let l(s) be the third derivative of v(s). Calculate l(-4).
-9
Let z(p) be the first derivative of -p**4/4 + 2*p**3/3 + p**2 - 2*p - 2. Let t be z(2). Suppose -t = 2*x + 6. Let k(u) = -u**3 - 4*u**2 + 3*u + 4. Give k(x).
-8
Let p(c) be the second derivative of c**5/20 + 5*c**4/6 + 4*c**3/3 + c**2/2 + 41*c. Determine p(-9).
10
Let d be 2/(6/(-9)) + 1. Let n(c) be the first derivative of -2 - 3/2*c**2 - 3*c - 1/3*c**3. What is n(d)?
-1
Let l(o) = -o + 2. Let q(a) = a**2 - 6*a - 3. Let g be q(7). What is l(g)?
-2
Let d(p) = -p - 1. Let x be (-1320)/(-84) - (-4)/14. Let r be 2/((x/(-6))/(-4)). Give d(r).
-4
Suppose 0*k - 16 = -4*k. Suppose a - k = -1. Suppose -3*d + d + 4*w = -8, 0 = -2*d + a*w + 4. Let s(l) = -l**3 - 4*l**2 + 3. What is s(d)?
3
Let h(p) be the second derivative of p**4/12 + 3*p**2 + 5*p. Let z be (-9)/(-3) - 0/(-1). Suppose -3*g + 15 = -0*g - z*k, -5 = -4*g + k. What is h(g)?
6
Let w = 13 - 9. Let k(x) = 3*x**2 - x**3 - x - 7*x**2 + w + 0*x**3. Give k(-3).
-2
Let d(m) be the first derivative of -5*m**2/2 + 2*m + 2. Calculate d(2).
-8
Suppose 3*s + 7 = 3*u + 1, 4*u - 20 = -2*s. Let o(a) = 2 - a**3 - 2*a**2 - 2*a + 6*a**3 + 0*a**s - 4*a**3. Determine o(3).
5
Let u(d) = 11*d**3 - d**2 + 1. Let l = 16 - 17. Calculate u(l).
-11
Suppose w + 0 - 5 = 0. Let j(p) = -p**2 + 4*p. Give j(w).
-5
Let f be (-10)/30 + (-20)/(-6). Let g(n) be the second derivative of n**2 + 1/3*n**f + n + 0. Calculate g(4).
10
Suppose -5 = -3*a - 2*a. Let v(l) = a - 15*l + 19*l - 2. Calculate v(1).
3
Let o be (-48)/112 - 45/(-7). Let t(v) = v**3 - 5*v**2 - 5*v - 2. Calculate t(o).
4
Suppose -8*x + 4*b = -4*x, -3*x - 6 = -b. Let s(t) = -t - 1. Let h(v) = v**2 + 5*v + 5. Let c(p) = -h(p) - 4*s(p). Calculate c(x).
-7
Let c = 8 - 3. Let z(s) = -7*s**2 + 10*s - 9. Let d(k) = -10*k**2 + 15*k - 14. Let y(p) = -5*d(p) + 7*z(p). Determine y(c).
7
Let z(i) = -i**3 - 3*i**2 - 3. Let l(u) = -2*u - 13. Let o be l(-5). Give z(o).
-3
Let y = -9 + 10. Let g(w) = w**3 + w**2 - w. Let f(t) = -6*t**3 - t**2 + 2*t. Let s(b) = -f(b) - 2*g(b). Calculate s(y).
3
Let p(v) = -v. Let j(u) = 9*u - 9. Let o be -6 - (0/2 + 1). Let c(m) = -6*m + 6. Let a(i) = o*c(i) - 5*j(i). Let w be a(3). Calculate p(w).
6
Let z(u) = -u**2 + 3*u + 7. Suppose w + 4*x = -3, 5*x - x = -5*w + 17. Determine z(w).
-3
Let w(q) = 3*q**2 + 13*q + 11. Let r(f) = -5*f**2 + 10*f + 18. Let l(s) = -2*s**2 + 3*s + 6. Let m(y) = 11*l(y) - 4*r(y). Let x(b) = 5*m(b) + 3*w(b). Give x(4).
3
Suppose 4*j - 6 + 2 = 0. Let u(w) = 2*w**2 - 10*w**3 + 9*w + 3*w**3 - 10*w. What is u(j)?
-6
Let r(m) be the third derivative of m**7/2520 - m**6/240 - 5*m**4/24 - 3*m**2. Let a(u) be the second derivative of r(u). What is a(4)?
4
Let b(q) be the second derivative of -q + 2/3*q**3 - 1/2*q**2 + 1/12*q**4 + 0. Determine b(-3).
-4
Suppose 0*u + 3*u = 6. Suppose -u*j = -8 + 4. Let v = j - -1. Let g(y) = y**2 - 4*y + 2. Determine g(v).
-1
Let f(t) be the second derivative of -t**3/6 - 3*t. Let p(i) = -3*i - 2. Let z(u) = 4*f(u) - 2*p(u). Determine z(-4).
-4
Let f(d) = 3 - 1 + 2 - 5 + d. Let m(g) = g**3 + 2. Let t be m(0). Calculate f(t).
1
Let y be 2 + (-2)/3*-12. Suppose 3*s = t + 10, -2*t - 3*t - y = -5*s. Let p(w) = -w. Let g(f) = -f**2 - 2*f. Let b(h) = g(h) - 6*p(h). What is b(s)?
0
Let p(f) = 6*f + 0 - f**2 - 5 + 3*f**2. Suppose -45 = z + 4*z. Let a(u) = -5*u**2 - 13*u + 11. Let o(r) = z*p(r) - 4*a(r). Calculate o(1).
1
Let u = -2 + 7. Let p = u - 1. Let o(h) = -3 - 5 - h**3 + p - 2*h**2 + h - 2*h**2. What is o(-4)?
-8
Let k(b) = -6 + b - b**2 + 1 + 4 - 6. Calculate k(0).
-7
Let b(o) = -5*o - 4*o + 10*o - 2. Determine b(-6).
-8
Let u be (-4)/1*2/(-2). Suppose -u*h + 35 = 3. Suppose i + h = -4*w + 6*i, 4*i = 4*w + 8. Let z(d) = 2*d**2 + d. What is z(w)?
6
Let o(w) = 2*w. Let q be o(-4). Let a be q/(-5)*25/10. Let z(y) be the third derivative of -y**4/24 + 4*y**3/3 + 4*y**2. What is z(a)?
4
Let l(b) = b**3 - 5*b**2 + 3*b. Let j = 0 + 3. Determine l(j).
-9
Let j(r) be the second derivative of -r**5/20 - 7*r**4/12 - 4*r**3/3 - 3*r**2 - 28*r. Determine j(-6).
6
Suppose l = 3*l. Let h(v) be the second derivative of -v**3/6 + 3*v**2 + 28*v - 1. Give h(l).
6
Let k be (-5 + 6)*(1 - 1). Let j = 7 - 3. Let u(g) = 11 - g + 2*g**3 - g**3 - j + g**2. Give u(k).
7
Let i(w) = w**2 - 10*w + 11. Let b be i(8). Let v be 0 - b - (-1 - -1). Suppose -3 + 13 = -v*k. Let c(o) = -o**3 + o**2 + o - 2. What is c(k)?
8
Suppose 0*x = -3*x - 15. Let y(n) = -n - 11. Calculate y(x).
-6
Let q(a) = -6*a**2 + 4*a + 6. Let h(s) = -5*s**2 + 4*s + 6. Let r(l) = -5*h(l) + 4*q(l). Give r(5).
-1
Let v = 5 + -4. Let m(c) = -c + 12. Let o be m(7). Let q(x) = -o*x**2 + 0*x**2 + x**2 - 1 + x. Give q(v).
-4
Let o(l) be the second derivative of l**4/2 - l**2/2 - 6*l. Calculate o(1).
5
Let v(c) be the first derivative of 4 + c + c**2 - 2*c - 2 + 4. Calculate v(3).
5
Let n(g) = 4*g**2. Let v be 0 + -3 - (3 + 1 + -6). Give n(v).
4
Let o(l) = -2*l + 5. Let u(k) = 7*k - 20. Suppose 88 - 34 = 6*n. Let b(v) = n*o(v) + 2*u(v). Let p be ((-8)/(-2))/2*2. Determine b(p).
-11
Let k(i) = i**3 - 4*i**2 - i + 1. Let s = 16 - 34. Let h = s - -22. Calculate k(h).
-3
Let p(q) = 2 + 5*q**2 + 2*q**2 - 3*q**2 - 3*q - 2*q**3. What is p(2)?
-4
Let i(s) = s**3 - 8*s**2 + 6*s - 6. Let l be i(7). Let y = -13 - l. Let j(a) = -a + 19. Give j(y).
19
Suppose -12*j = 20 - 8. Let q(v) = -3*v**2 + 6*v**2 - 2*v - 2*v**2 - 1. Determine q(j).
2
Let f(z) = -6*z + 5 - 4 + 21*z + 0. Determine f(-1).
-14
Let k(j) = -2*j + 1. Let g(r) = r - 1. Let b(a) = a - 15. Let f(m) = -b(m) + 2*g(m). Let n be f(-12). What is k(n)?
-1
Let c be (1 + -2)/((-3)/12). Let q(g) = c*g**2 + 0 + 2 - 2*g**2 + 2*g**3 - g**3. Determine q(-2).
2
Let x(y) = y - 7. Let g be x(5). Suppose 4*u = -5*k + 93, 2*u + 5*k - 110 = -3*u. Let f(d) = -4*d - 2*d - 1 + u*d**2 + 4*d + 2*d**3 - 16*d**2. Give f(g).
-9
Let y(u) = 4*u**2 - 4*u + 3. Let c = -23 - -25. What is y(c)?
11
Let g(c) be the third derivative of -3*c**7/280 + c**5/120 + c**4/24 - 7*c**3/6 - 5*c**2. Let y(k) be the first derivative of g(k). Calculate y(-1).
9
Let o(m) = 7*m**2 + 5*m. Let v(a) = 77*a**2 + 56*a. Let b(k) = -56*o(k) + 5*v(k). Suppose -2*q = 5*d + 13, -d = -6*d + 5*q + 15. What is b(d)?
-7
Let b = 0 - 4. Let r be -2 + -8 + (-6)/(-3). Let v = b - r. Let z(w) = -w**3 + 3*w**2 + 5*w + 1. Give z(v).
5
Let b(z) be the second derivative of 0 - 1/2*z**2 - 1/12*z**4 + 1/5*z**5 - 2*z + 1/6*z**3. Suppose 2*r - 2 = -0. What is b(r)?
3
Suppose 2*i = 3*o - 0 - 4, 12 = 5*i - 2*o. Let z(y) = y**3 - 5*y**2 + y + 3. Determine z(i).
-9
Let x(a) = 3*a**3 - 5*a**2 - 2. Let p(h) = h**3 - h**2 - h. Let o(y) = 2*p(y) - x(y). Give o(3).
-4
Let n(y) = -1. Let m(q) = q**2 - q - 12. Let w(i) = -m(i) - 3*n(i). Calculate w(0).
15
Let k(l) be the second derivative of -l**3/3 - 13*l**2/2 - 6*l. Let h be k(-7). Let w(n) = 10*n**2. Determine w(h).
10
Let q(x) = -3*x**2 + 28*x - 3. Let a be q(9). Let g(s) = 2*s**2 + s. Let b be g(-2). Let z(f) = -2*f**2 + b*f + 3*f**2 - 2*f**2. Give z(a).
0
Let q(r) = r**3 - r + 8. Suppose 2*a = -2*a. Determine q(a).
8
Let t(d) = -d + 1. Let u(r) = 12*r - 9. Let i(s) = -6*t(s) - u(s). Let l be 4*-1*-1 - 0. Suppose l*p - 6 = p. Determine i(p).
-9
Let k(j) = -2*j**3 + 2*j**2 - 4*j - 9. Let v(f) = -f**3 + 3*f**2 - 5*f - 8. Let z(p) = 2*k(p) - 3*v(p). Calculate z(-6).
0
Let o(c) be the second derivative of c**4/12 + 7*c**3/6 - 21*c - 1. Suppose -2*u = -3*b + 8*b + 22, -5*u + 20 = 0. Calculate o(b).
-6
Let x = -3 + 2. Let k(r) be the third derivative of -r**4/24